{"id":39070,"date":"2024-09-01T10:50:26","date_gmt":"2024-09-01T09:50:26","guid":{"rendered":"https:\/\/www.anceathrupoili.com\/shop\/the-saved-and-the-spurned\/"},"modified":"2026-04-29T18:58:38","modified_gmt":"2026-04-29T17:58:38","slug":"the-saved-and-the-spurned","status":"publish","type":"product","link":"https:\/\/www.anceathrupoili.com\/ga\/shop\/the-saved-and-the-spurned\/","title":{"rendered":"The Saved And the Spurned"},"content":{"rendered":"<p>On the eve of World War II, several hundred persecuted Jews, mainly from Nazi- occupied Vienna, tried to escape to Northern Ireland. They had learned of a Stormont scheme to tackle the region&#39;s chronic unemployment by offering financial support for skilled professionals to move to the province to stimulate local economic growth.<\/p>\n<p><\/p>\n<p>Almost all applicants were rejected, and more than 125 of these were murdered in the Holocaust.<\/p>\n<p><\/p>\n<p>Based on extensive archival research, unpublished family memoirs and letters, and interviews with Holocaust survivors and their descendants, this extraordinary book describes the applicants&#39; desperate efforts to save their families and themselves, as well as highlighting the tireless work undertaken by many Northern Irish civil servants in the application process. It also explores how the small numbers of refugees admitted to Northern Ireland made a major contribution to its economic, social and cultural life that continues to this day.<\/p>","protected":false},"excerpt":{"rendered":"<p>On the eve of World War II, several hundred persecuted Jews, mainly from Nazi- occupied Vienna, tried to escape to Northern Ireland. They had learned of a Stormont scheme to tackle the region&#39;s chronic unemployment by offering financial support for skilled professionals to move to the province to stimulate local economic growth. Almost all applicants&hellip;<\/p>","protected":false},"featured_media":39079,"comment_status":"open","ping_status":"closed","template":"","meta":{"_acf_changed":false,"_relevanssi_hide_post":"","_relevanssi_hide_content":"","_relevanssi_pin_for_all":"","_relevanssi_pin_keywords":"","_relevanssi_unpin_keywords":"","_relevanssi_related_keywords":"","_relevanssi_related_include_ids":"","_relevanssi_related_exclude_ids":"","_relevanssi_related_no_append":"","_relevanssi_related_not_related":"","_relevanssi_related_posts":"43454,38900,39071,401,908,1331","_relevanssi_noindex_reason":""},"product_brand":[],"product_cat":[251],"product_tag":[],"class_list":{"0":"post-39070","1":"product","2":"type-product","3":"status-publish","4":"has-post-thumbnail","6":"product_cat-history-politics","7":"pa_authors-noel-russell","9":"first","10":"instock","11":"taxable","12":"shipping-taxable","13":"purchasable","14":"product-type-simple"},"acf":[],"yoast_head":"<!-- This site is optimized with the Yoast SEO plugin v27.4 - https:\/\/yoast.com\/product\/yoast-seo-wordpress\/ -->\n<title>The Saved And the Spurned - An Ceathr\u00fa P\u00f3il\u00ed<\/title>\n<meta name=\"description\" content=\"Order The Saved And the Spurned by Noel Russell from our History &amp; Politics shelves. The siopa leabhar ships worldwide! On the eve of World War II, several hundred persecuted Jews, mainly from Nazi- occupied Vienna, tried to escape to Northern Ireland. They had learned of a\" \/>\n<meta name=\"robots\" content=\"index, follow, max-snippet:-1, max-image-preview:large, max-video-preview:-1\" \/>\n<link rel=\"canonical\" href=\"https:\/\/www.anceathrupoili.com\/ga\/shop\/the-saved-and-the-spurned\/\" \/>\n<meta property=\"og:locale\" content=\"ga_IE\" \/>\n<meta property=\"og:type\" content=\"article\" \/>\n<meta property=\"og:title\" content=\"The Saved And the Spurned - An Ceathr\u00fa P\u00f3il\u00ed\" \/>\n<meta property=\"og:description\" content=\"Order The Saved And the Spurned by Noel Russell from our History &amp; Politics shelves. The siopa leabhar ships worldwide! On the eve of World War II, several hundred persecuted Jews, mainly from Nazi- occupied Vienna, tried to escape to Northern Ireland. They had learned of a\" \/>\n<meta property=\"og:url\" content=\"https:\/\/www.anceathrupoili.com\/ga\/shop\/the-saved-and-the-spurned\/\" \/>\n<meta property=\"og:site_name\" content=\"An Ceathr\u00fa P\u00f3il\u00ed\" \/>\n<meta property=\"article:modified_time\" content=\"2026-04-29T17:58:38+00:00\" \/>\n<meta property=\"og:image\" content=\"https:\/\/www.anceathrupoili.com\/wp-content\/uploads\/2024\/09\/saved-and-spurned.jpg\" \/>\n\t<meta property=\"og:image:width\" content=\"500\" \/>\n\t<meta property=\"og:image:height\" content=\"801\" \/>\n\t<meta property=\"og:image:type\" content=\"image\/jpeg\" \/>\n<meta name=\"twitter:card\" content=\"summary_large_image\" \/>\n<meta name=\"twitter:label1\" content=\"Est. reading time\" \/>\n\t<meta name=\"twitter:data1\" content=\"1 minute\" \/>\n<script type=\"application\/ld+json\" class=\"yoast-schema-graph\">{\"@context\":\"https:\\\/\\\/schema.org\",\"@graph\":[{\"@type\":\"WebPage\",\"@id\":\"https:\\\/\\\/www.anceathrupoili.com\\\/shop\\\/the-saved-and-the-spurned\\\/\",\"url\":\"https:\\\/\\\/www.anceathrupoili.com\\\/shop\\\/the-saved-and-the-spurned\\\/\",\"name\":\"The Saved And the Spurned - An Ceathr\u00fa P\u00f3il\u00ed\",\"isPartOf\":{\"@id\":\"https:\\\/\\\/www.anceathrupoili.com\\\/#website\"},\"primaryImageOfPage\":{\"@id\":\"https:\\\/\\\/www.anceathrupoili.com\\\/shop\\\/the-saved-and-the-spurned\\\/#primaryimage\"},\"image\":{\"@id\":\"https:\\\/\\\/www.anceathrupoili.com\\\/shop\\\/the-saved-and-the-spurned\\\/#primaryimage\"},\"thumbnailUrl\":\"https:\\\/\\\/www.anceathrupoili.com\\\/wp-content\\\/uploads\\\/2024\\\/09\\\/saved-and-spurned.jpg\",\"datePublished\":\"2024-09-01T09:50:26+00:00\",\"dateModified\":\"2026-04-29T17:58:38+00:00\",\"description\":\"Order The Saved And the Spurned by Noel Russell from our History &amp; Politics shelves. The siopa leabhar ships worldwide! On the eve of World War II, several hundred persecuted Jews, mainly from Nazi- occupied Vienna, tried to escape to Northern Ireland. They had learned of a\",\"breadcrumb\":{\"@id\":\"https:\\\/\\\/www.anceathrupoili.com\\\/shop\\\/the-saved-and-the-spurned\\\/#breadcrumb\"},\"inLanguage\":\"ga-IE\",\"potentialAction\":[{\"@type\":\"ReadAction\",\"target\":[\"https:\\\/\\\/www.anceathrupoili.com\\\/shop\\\/the-saved-and-the-spurned\\\/\"]}]},{\"@type\":\"ImageObject\",\"inLanguage\":\"ga-IE\",\"@id\":\"https:\\\/\\\/www.anceathrupoili.com\\\/shop\\\/the-saved-and-the-spurned\\\/#primaryimage\",\"url\":\"https:\\\/\\\/www.anceathrupoili.com\\\/wp-content\\\/uploads\\\/2024\\\/09\\\/saved-and-spurned.jpg\",\"contentUrl\":\"https:\\\/\\\/www.anceathrupoili.com\\\/wp-content\\\/uploads\\\/2024\\\/09\\\/saved-and-spurned.jpg\",\"width\":500,\"height\":801},{\"@type\":\"BreadcrumbList\",\"@id\":\"https:\\\/\\\/www.anceathrupoili.com\\\/shop\\\/the-saved-and-the-spurned\\\/#breadcrumb\",\"itemListElement\":[{\"@type\":\"ListItem\",\"position\":1,\"name\":\"Home\",\"item\":\"https:\\\/\\\/www.anceathrupoili.com\\\/\"},{\"@type\":\"ListItem\",\"position\":2,\"name\":\"Shop\",\"item\":\"https:\\\/\\\/www.anceathrupoili.com\\\/shop\\\/\"},{\"@type\":\"ListItem\",\"position\":3,\"name\":\"The Saved And the Spurned\"}]},{\"@type\":\"WebSite\",\"@id\":\"https:\\\/\\\/www.anceathrupoili.com\\\/#website\",\"url\":\"https:\\\/\\\/www.anceathrupoili.com\\\/\",\"name\":\"An Ceathr\u00fa P\u00f3il\u00ed\",\"description\":\"Belfast&#039;s Irish Language Bookshop\",\"publisher\":{\"@id\":\"https:\\\/\\\/www.anceathrupoili.com\\\/#organization\"},\"potentialAction\":[{\"@type\":\"SearchAction\",\"target\":{\"@type\":\"EntryPoint\",\"urlTemplate\":\"https:\\\/\\\/www.anceathrupoili.com\\\/?s={search_term_string}\"},\"query-input\":{\"@type\":\"PropertyValueSpecification\",\"valueRequired\":true,\"valueName\":\"search_term_string\"}}],\"inLanguage\":\"ga-IE\"},{\"@type\":\"Organization\",\"@id\":\"https:\\\/\\\/www.anceathrupoili.com\\\/#organization\",\"name\":\"An Ceathr\u00fa P\u00f3il\u00ed\",\"url\":\"https:\\\/\\\/www.anceathrupoili.com\\\/\",\"logo\":{\"@type\":\"ImageObject\",\"inLanguage\":\"ga-IE\",\"@id\":\"https:\\\/\\\/www.anceathrupoili.com\\\/#\\\/schema\\\/logo\\\/image\\\/\",\"url\":\"https:\\\/\\\/www.anceathrupoili.com\\\/wp-content\\\/uploads\\\/2024\\\/03\\\/Books-logo-names-01.svg\",\"contentUrl\":\"https:\\\/\\\/www.anceathrupoili.com\\\/wp-content\\\/uploads\\\/2024\\\/03\\\/Books-logo-names-01.svg\",\"width\":1,\"height\":1,\"caption\":\"An Ceathr\u00fa P\u00f3il\u00ed\"},\"image\":{\"@id\":\"https:\\\/\\\/www.anceathrupoili.com\\\/#\\\/schema\\\/logo\\\/image\\\/\"}}]}<\/script>\n<!-- \/ Yoast SEO plugin. -->","yoast_head_json":{"title":"The Saved And the Spurned - An Ceathr\u00fa P\u00f3il\u00ed","description":"Order The Saved And the Spurned by Noel Russell from our History &amp; Politics shelves. The siopa leabhar ships worldwide! On the eve of World War II, several hundred persecuted Jews, mainly from Nazi- occupied Vienna, tried to escape to Northern Ireland. They had learned of a","robots":{"index":"index","follow":"follow","max-snippet":"max-snippet:-1","max-image-preview":"max-image-preview:large","max-video-preview":"max-video-preview:-1"},"canonical":"https:\/\/www.anceathrupoili.com\/ga\/shop\/the-saved-and-the-spurned\/","og_locale":"ga_IE","og_type":"article","og_title":"The Saved And the Spurned - An Ceathr\u00fa P\u00f3il\u00ed","og_description":"Order The Saved And the Spurned by Noel Russell from our History &amp; Politics shelves. The siopa leabhar ships worldwide! On the eve of World War II, several hundred persecuted Jews, mainly from Nazi- occupied Vienna, tried to escape to Northern Ireland. They had learned of a","og_url":"https:\/\/www.anceathrupoili.com\/ga\/shop\/the-saved-and-the-spurned\/","og_site_name":"An Ceathr\u00fa P\u00f3il\u00ed","article_modified_time":"2026-04-29T17:58:38+00:00","og_image":[{"width":500,"height":801,"url":"https:\/\/www.anceathrupoili.com\/wp-content\/uploads\/2024\/09\/saved-and-spurned.jpg","type":"image\/jpeg"}],"twitter_card":"summary_large_image","twitter_misc":{"Est. reading time":"1 minute"},"schema":{"@context":"https:\/\/schema.org","@graph":[{"@type":"WebPage","@id":"https:\/\/www.anceathrupoili.com\/shop\/the-saved-and-the-spurned\/","url":"https:\/\/www.anceathrupoili.com\/shop\/the-saved-and-the-spurned\/","name":"The Saved And the Spurned - An Ceathr\u00fa P\u00f3il\u00ed","isPartOf":{"@id":"https:\/\/www.anceathrupoili.com\/#website"},"primaryImageOfPage":{"@id":"https:\/\/www.anceathrupoili.com\/shop\/the-saved-and-the-spurned\/#primaryimage"},"image":{"@id":"https:\/\/www.anceathrupoili.com\/shop\/the-saved-and-the-spurned\/#primaryimage"},"thumbnailUrl":"https:\/\/www.anceathrupoili.com\/wp-content\/uploads\/2024\/09\/saved-and-spurned.jpg","datePublished":"2024-09-01T09:50:26+00:00","dateModified":"2026-04-29T17:58:38+00:00","description":"Order The Saved And the Spurned by Noel Russell from our History &amp; Politics shelves. The siopa leabhar ships worldwide! On the eve of World War II, several hundred persecuted Jews, mainly from Nazi- occupied Vienna, tried to escape to Northern Ireland. They had learned of a","breadcrumb":{"@id":"https:\/\/www.anceathrupoili.com\/shop\/the-saved-and-the-spurned\/#breadcrumb"},"inLanguage":"ga-IE","potentialAction":[{"@type":"ReadAction","target":["https:\/\/www.anceathrupoili.com\/shop\/the-saved-and-the-spurned\/"]}]},{"@type":"ImageObject","inLanguage":"ga-IE","@id":"https:\/\/www.anceathrupoili.com\/shop\/the-saved-and-the-spurned\/#primaryimage","url":"https:\/\/www.anceathrupoili.com\/wp-content\/uploads\/2024\/09\/saved-and-spurned.jpg","contentUrl":"https:\/\/www.anceathrupoili.com\/wp-content\/uploads\/2024\/09\/saved-and-spurned.jpg","width":500,"height":801},{"@type":"BreadcrumbList","@id":"https:\/\/www.anceathrupoili.com\/shop\/the-saved-and-the-spurned\/#breadcrumb","itemListElement":[{"@type":"ListItem","position":1,"name":"Home","item":"https:\/\/www.anceathrupoili.com\/"},{"@type":"ListItem","position":2,"name":"Shop","item":"https:\/\/www.anceathrupoili.com\/shop\/"},{"@type":"ListItem","position":3,"name":"The Saved And the Spurned"}]},{"@type":"WebSite","@id":"https:\/\/www.anceathrupoili.com\/#website","url":"https:\/\/www.anceathrupoili.com\/","name":"An Ceathr\u00fa P\u00f3il\u00ed","description":"Belfast&#039;s Irish Language Bookshop","publisher":{"@id":"https:\/\/www.anceathrupoili.com\/#organization"},"potentialAction":[{"@type":"SearchAction","target":{"@type":"EntryPoint","urlTemplate":"https:\/\/www.anceathrupoili.com\/?s={search_term_string}"},"query-input":{"@type":"PropertyValueSpecification","valueRequired":true,"valueName":"search_term_string"}}],"inLanguage":"ga-IE"},{"@type":"Organization","@id":"https:\/\/www.anceathrupoili.com\/#organization","name":"An Ceathr\u00fa P\u00f3il\u00ed","url":"https:\/\/www.anceathrupoili.com\/","logo":{"@type":"ImageObject","inLanguage":"ga-IE","@id":"https:\/\/www.anceathrupoili.com\/#\/schema\/logo\/image\/","url":"https:\/\/www.anceathrupoili.com\/wp-content\/uploads\/2024\/03\/Books-logo-names-01.svg","contentUrl":"https:\/\/www.anceathrupoili.com\/wp-content\/uploads\/2024\/03\/Books-logo-names-01.svg","width":1,"height":1,"caption":"An Ceathr\u00fa P\u00f3il\u00ed"},"image":{"@id":"https:\/\/www.anceathrupoili.com\/#\/schema\/logo\/image\/"}}]}},"_links":{"self":[{"href":"https:\/\/www.anceathrupoili.com\/ga\/wp-json\/wp\/v2\/product\/39070","targetHints":{"allow":["GET"]}}],"collection":[{"href":"https:\/\/www.anceathrupoili.com\/ga\/wp-json\/wp\/v2\/product"}],"about":[{"href":"https:\/\/www.anceathrupoili.com\/ga\/wp-json\/wp\/v2\/types\/product"}],"replies":[{"embeddable":true,"href":"https:\/\/www.anceathrupoili.com\/ga\/wp-json\/wp\/v2\/comments?post=39070"}],"wp:featuredmedia":[{"embeddable":true,"href":"https:\/\/www.anceathrupoili.com\/ga\/wp-json\/wp\/v2\/media\/39079"}],"wp:attachment":[{"href":"https:\/\/www.anceathrupoili.com\/ga\/wp-json\/wp\/v2\/media?parent=39070"}],"wp:term":[{"taxonomy":"product_brand","embeddable":true,"href":"https:\/\/www.anceathrupoili.com\/ga\/wp-json\/wp\/v2\/product_brand?post=39070"},{"taxonomy":"product_cat","embeddable":true,"href":"https:\/\/www.anceathrupoili.com\/ga\/wp-json\/wp\/v2\/product_cat?post=39070"},{"taxonomy":"product_tag","embeddable":true,"href":"https:\/\/www.anceathrupoili.com\/ga\/wp-json\/wp\/v2\/product_tag?post=39070"}],"curies":[{"name":"wp","href":"https:\/\/api.w.org\/{rel}","templated":true}]}}

<!-- This site is optimized with the Yoast SEO plugin v27.4 - https://yoast.com/product/yoast-seo-wordpress/ -->
<title>The Saved And the Spurned - An Ceathrú Póilí</title>
<meta name="description" content="Order The Saved And the Spurned by Noel Russell from our History &amp; Politics shelves. The siopa leabhar ships worldwide! On the eve of World War II, several hundred persecuted Jews, mainly from Nazi- occupied Vienna, tried to escape to Northern Ireland. They had learned of a" />
<meta name="robots" content="index, follow, max-snippet:-1, max-image-preview:large, max-video-preview:-1" />
<link rel="canonical" href="https://www.anceathrupoili.com/ga/shop/the-saved-and-the-spurned/" />
<meta property="og:locale" content="ga_IE" />
<meta property="og:type" content="article" />
<meta property="og:title" content="The Saved And the Spurned - An Ceathrú Póilí" />
<meta property="og:description" content="Order The Saved And the Spurned by Noel Russell from our History &amp; Politics shelves. The siopa leabhar ships worldwide! On the eve of World War II, several hundred persecuted Jews, mainly from Nazi- occupied Vienna, tried to escape to Northern Ireland. They had learned of a" />
<meta property="og:url" content="https://www.anceathrupoili.com/ga/shop/the-saved-and-the-spurned/" />
<meta property="og:site_name" content="An Ceathrú Póilí" />
<meta property="article:modified_time" content="2026-04-29T17:58:38+00:00" />
<meta property="og:image" content="https://www.anceathrupoili.com/wp-content/uploads/2024/09/saved-and-spurned.jpg" />
	<meta property="og:image:width" content="500" />
	<meta property="og:image:height" content="801" />
	<meta property="og:image:type" content="image/jpeg" />
<meta name="twitter:card" content="summary_large_image" />
<meta name="twitter:label1" content="Est. reading time" />
	<meta name="twitter:data1" content="1 minute" />
<script type="application/ld+json" class="yoast-schema-graph">{"@context":"https:\/\/schema.org","@graph":[{"@type":"WebPage","@id":"https:\/\/www.anceathrupoili.com\/shop\/the-saved-and-the-spurned\/","url":"https:\/\/www.anceathrupoili.com\/shop\/the-saved-and-the-spurned\/","name":"The Saved And the Spurned - An Ceathrú Póilí","isPartOf":{"@id":"https:\/\/www.anceathrupoili.com\/#website"},"primaryImageOfPage":{"@id":"https:\/\/www.anceathrupoili.com\/shop\/the-saved-and-the-spurned\/#primaryimage"},"image":{"@id":"https:\/\/www.anceathrupoili.com\/shop\/the-saved-and-the-spurned\/#primaryimage"},"thumbnailUrl":"https:\/\/www.anceathrupoili.com\/wp-content\/uploads\/2024\/09\/saved-and-spurned.jpg","datePublished":"2024-09-01T09:50:26+00:00","dateModified":"2026-04-29T17:58:38+00:00","description":"Order The Saved And the Spurned by Noel Russell from our History &amp; Politics shelves. The siopa leabhar ships worldwide! On the eve of World War II, several hundred persecuted Jews, mainly from Nazi- occupied Vienna, tried to escape to Northern Ireland. They had learned of a","breadcrumb":{"@id":"https:\/\/www.anceathrupoili.com\/shop\/the-saved-and-the-spurned\/#breadcrumb"},"inLanguage":"ga-IE","potentialAction":[{"@type":"ReadAction","target":["https:\/\/www.anceathrupoili.com\/shop\/the-saved-and-the-spurned\/"]}]},{"@type":"ImageObject","inLanguage":"ga-IE","@id":"https:\/\/www.anceathrupoili.com\/shop\/the-saved-and-the-spurned\/#primaryimage","url":"https:\/\/www.anceathrupoili.com\/wp-content\/uploads\/2024\/09\/saved-and-spurned.jpg","contentUrl":"https:\/\/www.anceathrupoili.com\/wp-content\/uploads\/2024\/09\/saved-and-spurned.jpg","width":500,"height":801},{"@type":"BreadcrumbList","@id":"https:\/\/www.anceathrupoili.com\/shop\/the-saved-and-the-spurned\/#breadcrumb","itemListElement":[{"@type":"ListItem","position":1,"name":"Home","item":"https:\/\/www.anceathrupoili.com\/"},{"@type":"ListItem","position":2,"name":"Shop","item":"https:\/\/www.anceathrupoili.com\/shop\/"},{"@type":"ListItem","position":3,"name":"The Saved And the Spurned"}]},{"@type":"WebSite","@id":"https:\/\/www.anceathrupoili.com\/#website","url":"https:\/\/www.anceathrupoili.com\/","name":"An Ceathrú Póilí","description":"Belfast&#039;s Irish Language Bookshop","publisher":{"@id":"https:\/\/www.anceathrupoili.com\/#organization"},"potentialAction":[{"@type":"SearchAction","target":{"@type":"EntryPoint","urlTemplate":"https:\/\/www.anceathrupoili.com\/?s={search_term_string}"},"query-input":{"@type":"PropertyValueSpecification","valueRequired":true,"valueName":"search_term_string"}}],"inLanguage":"ga-IE"},{"@type":"Organization","@id":"https:\/\/www.anceathrupoili.com\/#organization","name":"An Ceathrú Póilí","url":"https:\/\/www.anceathrupoili.com\/","logo":{"@type":"ImageObject","inLanguage":"ga-IE","@id":"https:\/\/www.anceathrupoili.com\/#\/schema\/logo\/image\/","url":"https:\/\/www.anceathrupoili.com\/wp-content\/uploads\/2024\/03\/Books-logo-names-01.svg","contentUrl":"https:\/\/www.anceathrupoili.com\/wp-content\/uploads\/2024\/03\/Books-logo-names-01.svg","width":1,"height":1,"caption":"An Ceathrú Póilí"},"image":{"@id":"https:\/\/www.anceathrupoili.com\/#\/schema\/logo\/image\/"}}]}</script>
<!-- / Yoast SEO plugin. -->

The Saved And the Spurned - An Ceathrú Póilí

An Ceathrú Póilí
